222).
72
Let g(i) = i**3 - 212*i**2 - 241*i + 5972. Give g(213).
8
Let f(o) = 54554*o - 3982437. Give f(73).
5
Let f(l) = 540*l + 1835. What is f(-8)?
-2485
Let v(s) = -478*s**3 + 5*s**2 + 9*s + 5. Calculate v(-1).
479
Let m(y) = -y**2 - 37*y - 205. What is m(-4)?
-73
Let y(z) = z**3 - 6*z**2 + 38*z - 192. Calculate y(8).
240
Let g(i) = -222*i - 5087. Determine g(-18).
-1091
Let x(f) = -60342*f**2 - 120692*f - 2. Give x(-2).
14
Let x(p) = -209*p - 7016. What is x(-3)?
-6389
Let o(c) = -34952*c + 629165. Give o(18).
29
Let b(f) = -3*f**2 + 236*f + 2003. Calculate b(86).
111
Let x(a) = 588*a - 6284. Determine x(9).
-992
Let n(k) = -k**3 - 203*k**2 + 610*k + 24. Determine n(3).
0
Let a(m) = m**3 + 325*m**2 + 2235*m + 8. What is a(-7)?
-55
Let m(w) = w**3 - 13*w**2 - 3689*w + 54874. Give m(15).
-11
Let n(z) = z**3 + 23*z**2 + 308*z + 3505. Determine n(-17).
3
Let m(u) = -5*u**2 - 7304*u + 43777. Calculate m(6).
-227
Let j(a) = a**3 + 35*a**2 + 27800*a + 1002094. Give j(-36).
-2
Let k(j) = -735*j + 5581. Give k(9).
-1034
Let z(u) = 7*u**2 - 11*u - 43914. Give z(80).
6
Let p(h) = -9381*h**2 - 46922*h - 43. What is p(-5)?
42
Let w(b) = -6764*b - 169077. Determine w(-25).
23
Let h(q) = q**2 - 4291*q - 506698. Determine h(-115).
-8
Let h(u) = -u**3 - 167*u**2 + 2619*u + 12802. What is h(18)?
4
Let l(p) = -397*p**2 + 10307*p + 361. Give l(26).
-29
Let h(d) = -d**2 - 120*d - 1939. Give h(-19).
-20
Let u(t) = 197*t + 12337. What is u(-62)?
123
Let s(n) = n**3 + 140*n**2 - 1813*n + 1712. Give s(-152).
40
Let m(p) = -6*p + 94. Calculate m(-59).
448
Let d(z) = z**2 + 4456*z - 53583. Determine d(12).
33
Let o(a) = -238*a + 391503. What is o(1645)?
-7
Let w(z) = -637*z - 4986. Calculate w(-8).
110
Let o(q) = -6*q**3 - 12*q**2 - 8*q + 22. Calculate o(6).
-1754
Let g(r) = -r**3 - 106*r**2 + 323*r - 85. Give g(-109).
351
Let q(a) = 15*a + 8456. What is q(-563)?
11
Let b(u) = 136*u**2 - 17815*u - 104. Determine b(131).
27
Let y(v) = v**3 - 645*v**2 + 81054*v - 1. Give y(171).
-1
Let z(m) = 322*m + 52556. Determine z(-162).
392
Let m(q) = -3355*q - 13739. Determine m(-4).
-319
Let d(a) = 2*a**3 - 122*a**2 - 347*a + 21173. Give d(61).
6
Let a(s) = -7287*s + 531949. Calculate a(73).
-2
Let h(g) = -2*g**3 - 24*g**2 - 73*g + 214. What is h(-9)?
385
Let w(i) = -3*i**3 + 296*i**2 + 2574*i + 103. What is w(-8)?
-9
Let w(h) = 59812*h + 717754. Give w(-12).
10
Let a(g) = 2*g**3 + 58*g**2 - 1842*g - 875. Give a(-48).
-11
Let s(c) = -2*c**3 - 48*c**2 + 93*c + 34. Determine s(-26).
320
Let a(q) = 11940*q + 12264. Calculate a(-1).
324
Let h(i) = -i**2 - 261724*i - 3925607. Give h(-15).
28
Let a(p) = p**2 + 34*p + 755. Give a(-25).
530
Let n(l) = 428*l - 5705. Give n(13).
-141
Let d(x) = -251*x + 39107. Determine d(154).
453
Let p(i) = -i**3 - 293*i**2 - 10344*i - 3024. Give p(-252).
0
Let l(d) = d**3 - 712*d**2 - 12310*d + 1412. What is l(-17)?
1
Let k(n) = 797*n**2 + 1217*n + 3651. Give k(-3).
7173
Let q(b) = 11907*b + 8763557. Calculate q(-736).
5
Let j(c) = -18376*c + 72552. What is j(4)?
-952
Let k(v) = 1077*v + 163. What is k(1)?
1240
Let p(t) = 5*t**3 - 68*t**2 - 24*t - 19. Give p(14).
37
Let i(d) = d**2 + 60*d - 668. Give i(-73).
281
Let r(p) = -593*p**2 - 7322*p - 2476. Calculate r(-12).
-4
Let l(x) = -2594992*x + 2594998. What is l(1)?
6
Let j(r) = -r**3 - 46*r**2 - 44*r + 395. Calculate j(-44).
-1541
Let i(q) = 2669*q - 26712. Give i(10).
-22
Let a(u) = -6*u**3 - 25*u**2 - 82*u - 26. Give a(-5).
509
Let r(u) = -2*u**3 - 90*u**2 + 262*u + 632. Give r(-47).
-2846
Let b(v) = 40*v**3 + 1002*v**2 - 81*v - 3272. Give b(-25).
3
Let b(s) = -1660*s + 38257. Calculate b(23).
77
Let g(v) = -1437*v - 695493. Give g(-484).
15
Let u(o) = -o**3 - 183*o**2 - 511*o + 4896. Calculate u(-180).
-324
Let g(w) = -896*w - 9292. Give g(-11).
564
Let p(l) = l**3 + 796*l**2 - 785*l + 647185. What is p(-798)?
7
Let q(j) = -j**3 + 54*j**2 - 132*j - 1126. Give q(52).
-2582
Let z(g) = 2*g**2 - 25623*g + 128071. Determine z(5).
6
Let i(n) = -55*n**2 + 1923*n + 7. What is i(35)?
-63
Let r(a) = -2714*a - 3986. What is r(-2)?
1442
Let o(y) = -2*y**3 - 2*y**2 - 1805*y - 9204. What is o(-5)?
21
Let y(o) = o**3 - 55*o**2 + 530*o + 474. What is y(42)?
-198
Let g(f) = -14*f**3 - 423*f**2 - 97*f - 120. Determine g(-30).
90
Let b(p) = 126*p**3 - 1766*p**2 + 3*p + 75. Give b(14).
-275
Let l(j) = -283*j + 13762. What is l(50)?
-388
Let g(h) = -67*h + 45597. Give g(681).
-30
Let w(y) = -2790*y + 954172. What is w(342)?
-8
Let u(m) = 42960*m - 128855. Determine u(3).
25
Let l(d) = -4*d**3 - 75*d**2 + 471*d - 56. What is l(7)?
-1806
Let t(l) = 33*l**2 - 2876*l + 5620. Calculate t(2).
0
Let f(y) = 5*y**3 + 10*y**2 - 60*y - 439. Give f(-6).
-799
Let n(p) = -18*p**2 - 10508*p + 44615. Determine n(-588).
-73
Let n(l) = -l**3 + 33*l**2 - 181*l - 109. Determine n(25).
366
Let f(i) = -15*i**2 - 6910*i - 4680. Determine f(-460).
-80
Let x(y) = 7*y**3 - 4129*y**2 - 520*y - 41309. Give x(590).
-9
Let h(f) = -2*f**2 + 4198*f + 2439205. Give h(-474).
1
Let i(p) = -16454*p + 427793. What is i(26)?
-11
Let v(y) = 12*y**2 + 18*y + 486. What is v(6)?
1026
Let p(k) = 145658*k + 1165266. Calculate p(-8).
2
Let k(o) = -382*o + 2489. Calculate k(3).
1343
Let t(l) = -5*l**2 + 1404*l + 10120. Determine t(-7).
47
Let j(f) = -f**3 + 22*f**2 + 314*f - 7019. Give j(21).
16
Let m(n) = -4*n**3 + 15*n**2 + 414*n - 1289. Determine m(3).
-20
Let n(o) = 10*o**2 - 159*o - 179. Give n(13).
-556
Let s(p) = 54*p**2 - 4057*p + 537. Give s(75).
12
Let z(y) = 12474*y - 249488. What is z(20)?
-8
Let c(b) = -8475*b + 55500. Determine c(6).
4650
Let h(z) = -15*z**2 - 65*z - 407. Give h(-7).
-687
Let k(d) = -215867*d + 431747. Calculate k(2).
13
Let i(h) = -3193*h + 83004. Calculate i(26).
-14
Let h(a) = a**2 - 472*a + 10775. Give h(24).
23
Let x(r) = -2*r**3 - 880*r**2 - 1704*r + 20980. Determine x(-438).
-44
Let i(s) = -s**3 - 518*s**2 - 1294*s - 134965. Give i(-516).
227
Let m(c) = 408*c**2 + 696*c - 1391. Determine m(2).
1633
Let s(g) = -475600*g - 2853606. What is s(-6)?
-6
Let y(l) = l**3 + 228*l**2 + 2794*l - 199. Give y(-215).
16
Let h(v) = 8*v**2 - 18*v + 147. What is h(16)?
1907
Let r(f) = 159655*f + 4629982. Calculate r(-29).
-13
Let j(n) = -n**3 - 57*n**2 - 744*n + 28. Give j(-33).
-1556
Let v(w) = w**2 - 65*w + 497. Give v(31).
-557
Let a(z) = 38*z + 694. Give a(-19).
-28
Let d(y) = y**3 - 192*y**2 - 817*y + 45255. What is d(195)?
15
Let a(j) = 28811*j + 374471. Calculate a(-13).
-72
Let a(m) = 8*m**2 + 260*m - 2293. What is a(7)?
-81
Let o(n) = -2*n**2 - 1214322*n + 6071663. What is o(5)?
3
Let m(v) = -5*v**2 + 62*v - 1462. Determine m(15).
-1657
Let k(u) = -25035*u - 50066. Give k(-2).
4
Let y(t) = t**2 + 907*t + 62359. Give y(-75).
-41
Let z(c) = -61418*c - 368514. Determine z(-6).
-6
Let x(o) = o**2 - 741*o + 39225. Calculate x(57).
237
Let t(g) = 30755*g + 1660778. Give t(-54).
8
Let p(q) = 6*q**3 + 124*q**2 + 641*q + 30. Give p(-10).
20
Let k(o) = -549744*o + 15942571. What is k(29)?
-5
Let t(k) = 4*k**2 - 1013*k - 6028. Determine t(-6).
194
Let c(n) = -n**3 - 34*n**2 + 81*n + 74. Give c(-36).
-250
Let d(z) = 3*z**3 + 22*z**2 + 69*z + 633. Give d(-8).
-47
Let b(w) = 40811*w + 22160377. Determine b(-543).
4
Let o(y) = -y**3 + 86*y**2 - 619*y - 363. Determine o(78).
27
Let s(j) = -3*j**2 + 137*j - 247. Determine s(36).
797
Let d(v) = 4064*v - 1337054. What is d(329)?
2
Let n(q) = -2*q**2 - 21775*q - 87121. Give n(-4).
-53
Let v(p) = -p**2 - 2532*p - 84. Give v(0).
-84
Let l(y) = 29370*y - 88091. Give l(3).
19
Let h(g) = -2*g**3 - 484*g**2 + 564*g + 18947. What is h(-243)?
-7
Let z(n) = -5388*n + 27043. Give z(5).
103
Let j(a) = 2*a**3 + 60*a**2 - 384*a + 9. What is j(5)?
-161
Let t(c) = -564*c + 26854. Determine t(48).
-218
Let b(t) = 41*t**2 - 275*t + 35. Give b(-4).
1791
Let d(g) = 3137*g + 1683. Calculate d(-1).
-1454
Let r(k) = 4*k**2 + 136*k - 390. Give r(-40).
570
Let a(n) = -2*n**3 + 10*n**2 + 5558*n - 11149. Calculate a(2).
-9
Let r(q) = -4*q**2 + 235*q - 1635. Calculate r(39).
1446
Let j(w) = 35821*w + 143123. Give j(-4).
-161
Let v(n) = -n**3 - 67*n**2 + 83*n - 3796. What is v(-69)?
-1
Let b(n) = n**2 + 20098*n + 3999320. Calculate b(-201).
23
Let o(s) = 2*s**2 + 127*s - 28094. Give o(91).
25
Let q(k) = -153452*k + 1687974.